What is the units digit of r?
1
Let i(b) = -b**3 - 17*b**2 - 15*b + 44. What is the hundreds digit of i(-17)?
2
Let h(x) = x**2 + 11*x + 14. Let d be h(-10). Suppose -c - 4*z + 114 = c, 0 = -4*c - d*z + 224. What is the units digit of c?
5
Suppose 0*h - 3*h = -a - 19, 2*h = -3*a + 9. Let o(d) = -d**3 + h - 22*d - 18*d**2 - d**3 + d**3 + 5*d. What is the units digit of o(-17)?
6
Let r be (-40)/(-14) + (-13)/(-91). Suppose -140 = -u - r*u. What is the units digit of u?
5
Let r(y) = -1344*y + 48. What is the tens digit of r(-2)?
3
Let c(k) = -k**3 - 21*k**2 - 22*k + 22. Suppose -3*s = 2*s - 2*o + 94, 0 = -4*o - 12. What is the units digit of c(s)?
2
Suppose -p + 3*o = -o + 311, 3*p + 2*o + 947 = 0. Let m = -137 - p. What is the tens digit of m?
7
Suppose 14 - 60 = 2*q. Let z = q + 23. Suppose z = -d + 3*d - 106. What is the units digit of d?
3
Suppose -4*j = 5*f - 827, -4*f = -0*j - 3*j + 659. What is the units digit of j?
3
Suppose -966 = -2*t - 4*d, -3*t = -8*d + 4*d - 1409. What is the hundreds digit of t?
4
What is the hundreds digit of (7 + 2 - -16)*11?
2
What is the thousands digit of (24/7)/(210/388815)?
6
Suppose 4*h = 4*q, -4*h = -q - 12 - 0. Suppose 61 = q*i + 41. What is the units digit of i?
5
Let r(u) be the first derivative of u**4/4 - 5*u**3/3 + 3*u**2/2 - 3. Let l = -142 + 147. What is the units digit of r(l)?
5
Let u(a) = 2*a**2 - 8. Let q(m) = -m**3 - 3*m**2 + 4. Let g = -9 + 6. Let p be q(g). What is the units digit of u(p)?
4
Suppose 6*f = f. Suppose f*b - 56 = -b. What is the units digit of b?
6
Let x = -721 - -1262. What is the units digit of x?
1
Let s = 42 - 44. What is the units digit of (15 - 13)*(-81)/s?
1
Suppose -22 = -14*c + 20. Suppose 0 = -u - 0*q + c*q + 213, 0 = 2*q - 4. What is the units digit of u?
9
Let q(a) = 8*a + 8. Let k be ((-80)/16)/(0 + -1). What is the units digit of q(k)?
8
Let n = -13 - -15. Suppose n*o - 5 = -1. Suppose 4*t + 5*a = 140, -o*t + 27 + 45 = 2*a. What is the units digit of t?
0
Let z be (-16)/(((-18)/24)/(1 + 2)). Let q be 58/7 - (-4)/(-14). Suppose 3*p + 2*m = z, 8 + q = p - 2*m. What is the units digit of p?
0
Let r(j) = 4*j**3 - 2*j + 1. Let v be r(1). Let f be 11*(v + -4 + 2). Let m = f - -17. What is the units digit of m?
8
Suppose 2*u - 442 = -2*l, 2*l + 3*u + 155 - 598 = 0. What is the units digit of l?
0
Suppose -4*v = v + 4*x + 124, 2*x - 148 = 5*v. Let l = 74 + v. Let d = l - 23. What is the units digit of d?
3
Suppose 775 = 9*c - 953. Let b = c + -89. What is the units digit of b?
3
Let a be (-49)/5 - 5/25. Let x = a - -2. What is the tens digit of (132/x)/((-9)/12)?
2
Suppose h + 6 = w, 2*h - 12 = -2*h. Let m(k) = 2*k - 1. What is the tens digit of m(w)?
1
Suppose -2*r + 9 = -2*j - 7*r, 0 = 4*j - r - 37. Let u(a) = a**2 + 10*a - 12. Let z(d) = -10*d + 11. Let l(o) = 2*u(o) + 3*z(o). What is the tens digit of l(j)?
5
Suppose -15 = 3*r - 8*r. Suppose -r*p + 220 = 2*p. Let o = p - 24. What is the tens digit of o?
2
Suppose -4*t + 3*a + 190 = 0, 134 = 3*t - a + 3*a. Suppose -2*m = -3*v + 284, v - 4*m = t + 62. What is the units digit of v?
2
Let q(f) = f**3 - 9*f**2 - 41*f - 115. What is the units digit of q(17)?
0
Let l(d) = d**3 - 12*d**2 - 14*d + 19. Let g be l(13). Let y(a) = -a**3 + 9*a**2 - 7*a - 2. What is the tens digit of y(g)?
6
Let n = -2 - -21. Suppose n + 91 = 2*u. What is the tens digit of u?
5
Suppose -j - 6 = 36. Let a be (-9)/12 + j/8. What is the units digit of ((-3)/a)/(1/42)?
1
Let w(p) = -54*p**3 + 3*p**2 - p. Let m be w(2). Let t = -251 - m. Suppose 5*i - 19 - t = 0. What is the tens digit of i?
3
Let n = -1207 - -1856. What is the tens digit of n?
4
Let l be (-16)/(-6)*15/10. Suppose -l*o = 5*j - 113 - 369, 5*o = -j + 613. What is the units digit of o?
3
Suppose 0 = -3*m + 2*k + 3901, 5*m - 7*m + 2*k = -2598. What is the tens digit of m?
0
Suppose -u = -2*d - 3*u + 22, d + 3*u - 17 = 0. What is the units digit of d?
8
Let b(j) = -j + 9. Let y be b(4). Suppose 68 = y*p + g + 3*g, 0 = -2*p + 2*g + 20. What is the units digit of 6/(-1)*(p - 15)?
8
Suppose 4*l - y = l + 7720, -2*l - 2*y = -5136. Let j be l/13 - (-6)/39. What is the tens digit of (j/(-12))/((-1)/2)?
3
Let l = -203 - -376. Suppose 3*y - l = 349. What is the units digit of y?
4
Suppose 8*m = 6556 + 5588. What is the tens digit of m?
1
Let t be (4 - -10)/((-2)/12). Let i be 2/7 + t/(-49). Suppose -72 = -3*z + 3*m, -3*z + z = i*m - 60. What is the tens digit of z?
2
Suppose 2*t + 3 = 11. Suppose -t*d + 4*y = -44, -6 = 2*d + 4*y + y. What is the units digit of 7*6/d*6?
6
Let a(o) = -74*o - 385. What is the units digit of a(-51)?
9
Let l = 220 + -78. Let v be l/(-8) + (-5)/20. Let d = 7 - v. What is the tens digit of d?
2
Let z be (-2)/5*(4 - 14). Let g(o) = -o**2 + 17*o - 30. Let u be g(12). Suppose 0 = 4*t - 5*v - 188, -5*v + u = z*t - 118. What is the units digit of t?
2
Let y(a) = -a**3 + 7*a**2 - 6*a - 2. Let u be y(5). Let f be ((-441)/9)/7 - -8. What is the units digit of (186/u)/(f/6)?
2
Suppose -a = -2 + 15. Let p = a + 29. Suppose -4*t + 0 - p = 0, 4*g = 4*t + 84. What is the units digit of g?
7
Suppose -3*j - 4*f = -58, -j - 6*f + f = -23. Let v(p) = 10 - 6*p - j*p**2 + 19*p**2 + 2*p. What is the tens digit of v(8)?
4
Let q(i) = -2*i**3 + 2*i**2 + 2. Suppose -g + 4*o - 18 = -0*o, 2*g + 18 = -o. Let n = 8 + g. What is the tens digit of q(n)?
2
What is the units digit of 3 + (-255 - -7)/(-8)?
4
Suppose 0 = -5*m - 3*d + 15, 3*m = d + 4*d + 9. Suppose -3*z + 11 = 2*c - 10, 5*c - m*z = 105. What is the units digit of c?
8
Suppose 3*h - 3549 = -3*m, 1089 = m + 5*h - 74. What is the thousands digit of m?
1
Suppose -y + 8868 = 11*y. Suppose -85 = -8*o + y. What is the units digit of o?
3
Let f be 4/10 + (-1370)/50. Let g = 63 + f. What is the tens digit of g?
3
Let x be 8/(-20) - 44/(-10). Suppose 0 = 3*c - x*f - 81, c - 3*c + 74 = 4*f. What is the units digit of c?
1
Let y(w) be the first derivative of 4*w**3/3 + 9*w**2/2 + 13*w + 6. Let v(z) be the first derivative of y(z). What is the units digit of v(5)?
9
Let r(t) be the second derivative of 5*t**2 - 6*t + 0 + 1/20*t**5 - 1/2*t**4 - 2/3*t**3. What is the units digit of r(7)?
1
Let a = 34 - 20. Suppose -a*u + 28 = -12*u. What is the units digit of 2*(-7)/(u/(-9))?
9
Let c = -68 - -1273. What is the tens digit of c?
0
Suppose 9*k - 2523 = 1725. What is the units digit of k?
2
Let r = -1397 + 3045. What is the units digit of r?
8
Let o be (0*1/(-4))/2. Suppose -9*s + 5*s + 408 = o. What is the units digit of s?
2
Suppose 2*v = -2*y + 1389 + 7781, 5*y - 4*v - 22952 = 0. What is the tens digit of y?
8
What is the hundreds digit of (741/(-6))/(2/(-4))?
2
Suppose k - 2 = -0*k. Let a be k/4*(-1 - 23). What is the units digit of ((-3)/(-9))/((-2)/a)?
2
Let k be -3 + 2 + 1 + 2. Suppose 3*b + 7*r - 394 = k*r, -4*b = 4*r - 528. What is the units digit of b?
3
Suppose -3*n = 5*x - 36, -4*n - 51 = -4*x + n. Suppose 1 = 5*t - x. What is the tens digit of (0 - t - -50) + 4?
5
Suppose -4*p - p = 0. Suppose p = 17*r - 15*r - 8. Suppose 4*c - 264 = -4*l, -185 = -2*l - r*c - 53. What is the units digit of l?
6
Let r(p) = -13*p**2 - 4*p - 2. Let n be r(-3). Let q = n + 254. Suppose 85 = 4*l - q. What is the tens digit of l?
5
Suppose 3*i - 6*i - 4*f = -1039, -i - 5*f + 339 = 0. What is the hundreds digit of i?
3
Let v(o) = 37*o + 2. Let w be v(-2). Let t be (-88)/w - (-4)/(-18). Suppose s - t = 12. What is the tens digit of s?
1
Let k be 2/8 + (-99)/(-36). Suppose s - 204 = -k*s. What is the tens digit of s?
5
Suppose 11*f = 7*f + 10344. What is the tens digit of f?
8
Let w = 4 - -1. Let f(t) = -5*t - 4*t - w*t**2 - t**3 + 14 - 6*t**2. What is the units digit of f(-10)?
4
Let t be 1 - 10*5/(-10). Suppose -i = -t*i + 175. Let f = i - 28. What is the units digit of f?
7
Suppose 18582 - 5272 = 3*w - 2*v, -2*w + 2*v = -8872. What is the thousands digit of w?
4
Let j(c) = -c**3 + 9*c**2 + c + 16. Let x be j(8). Let f = x + -35. What is the units digit of f?
3
Suppose -4 = 2*k - 0*k, 4*t + 5*k + 34 = 0. What is the units digit of ((-1520)/12)/(-2) + (-4)/t?
4
Let d(c) = -c + 37. Let s(w) = -w - 9. Let l be s(-12). Suppose 2*p = n + l, 0 = 3*p + 2*n - n + 3. What is the units digit of d(p)?
7
Let l be 0 + (-2)/3 + (-17)/(-3). What is the tens digit of -3*1/l + (-838